0?
True
Does 32 divide 1734688?
True
Is 23 a factor of 366653235?
True
Is 115587981 a multiple of 153?
True
Is 2 a factor of 13456769?
False
Is 203 a factor of 65097634?
True
Is 12935077 a multiple of 6?
False
Is 10 a factor of 39371402?
False
Is 1547830102 a multiple of 169?
True
Is 12 a factor of 71907000?
True
Does 3866 divide 46689682?
True
Does 52 divide 21159164?
True
Is 80 a factor of 1187426604?
False
Does 36 divide 17590512?
False
Does 98 divide 1725705669?
False
Is 9 a factor of 354640320?
True
Does 1108 divide 26564300?
True
Does 139 divide 218007150?
False
Does 7 divide 2243098?
False
Is 1641394052 a multiple of 401?
True
Does 327 divide 49030053?
True
Is 7322742 a multiple of 178?
True
Is 46563501 a multiple of 3?
True
Is 4888603720 a multiple of 13?
True
Does 305 divide 5436677460?
True
Is 50629331 a multiple of 43?
False
Does 4 divide 14860653?
False
Is 128 a factor of 23537792?
True
Does 2002 divide 1946359541?
False
Is 18 a factor of 21616038?
True
Does 711 divide 64891548?
True
Is 2103 a factor of 632548752?
True
Is 10 a factor of 668846450?
True
Is 245086677 a multiple of 138?
False
Is 14 a factor of 72315182?
False
Does 518 divide 223279064?
False
Is 18 a factor of 177570?
True
Does 532 divide 2143428?
True
Does 87 divide 100701498?
False
Does 4168 divide 108029304?
False
Does 276 divide 1754316647?
False
Is 34 a factor of 19743109?
False
Is 4427127566 a multiple of 19?
True
Does 992 divide 711038816?
True
Is 26049332 a multiple of 11?
False
Does 213 divide 972090252?
True
Is 40 a factor of 7567080?
True
Is 1299429414 a multiple of 11?
False
Does 280 divide 26096011?
False
Is 348841860 a multiple of 53?
False
Does 87 divide 49161003?
True
Is 6132629 a multiple of 15?
False
Is 561 a factor of 261636936?
True
Is 15499294 a multiple of 438?
False
Is 250169352 a multiple of 38?
True
Is 110700070 a multiple of 310?
True
Does 23 divide 914227828?
True
Does 29 divide 13156053?
True
Is 761410 a multiple of 104?
False
Is 508955967 a multiple of 3?
True
Is 17 a factor of 21389638?
True
Is 688 a factor of 709306973?
False
Is 19 a factor of 1424852256?
True
Is 19 a factor of 26792431?
False
Does 173 divide 1415275568?
False
Is 943 a factor of 255207862?
True
Is 19 a factor of 661444529?
False
Is 88 a factor of 43150536?
True
Is 534 a factor of 7182834?
True
Is 109612532 a multiple of 653?
False
Does 8 divide 156235401?
False
Is 21 a factor of 223403334?
True
Is 249925500 a multiple of 1815?
True
Is 47 a factor of 6155355?
True
Is 2095842 a multiple of 2154?
True
Is 5035567 a multiple of 378?
False
Does 505 divide 16262515?
True
Is 200541250 a multiple of 2150?
True
Is 30 a factor of 374998770?
True
Is 7271646 a multiple of 169?
False
Is 220568172 a multiple of 11?
True
Is 1547 a factor of 576648891?
True
Is 4346350896 a multiple of 11?
False
Does 2767 divide 60226522?
True
Is 539 a factor of 3193643?
False
Does 16 divide 25776944?
True
Is 703 a factor of 564995728?
False
Does 25 divide 604599550?
True
Is 14 a factor of 556061422?
True
Is 2875011 a multiple of 55?
False
Is 1355 a factor of 20895455?
True
Does 3359 divide 33986362?
True
Is 47 a factor of 488918927?
False
Is 25 a factor of 12502850?
True
Does 7 divide 146122977?
True
Is 2415 a factor of 38780956?
False
Does 508 divide 141658340?
True
Is 533507072 a multiple of 1052?
True
Is 31596722 a multiple of 14?
False
Does 2629 divide 75297189?
True
Does 6176 divide 90243712?
True
Is 10 a factor of 2031030?
True
Is 305533346 a multiple of 5236?
False
Does 110 divide 513327722?
False
Is 10 a factor of 2375892890?
True
Is 28504245 a multiple of 3335?
True
Does 169 divide 785616286?
False
Is 8 a factor of 131389928?
True
Is 5001175757 a multiple of 5414?
False
Is 398229980 a multiple of 14?
False
Is 150634507 a multiple of 84?
False
Does 18 divide 5375384?
False
Is 124 a factor of 22122404?
False
Is 680 a factor of 411785560?
True
Is 102 a factor of 8562823?
False
Is 28 a factor of 41357456?
True
Is 213 a factor of 12152289?
True
Is 2190624 a multiple of 24?
True
Is 50217207 a multiple of 7?
False
Is 82489334 a multiple of 31?
False
Is 503822980 a multiple of 1370?
True
Is 6 a factor of 26351700?
True
Does 18 divide 68304203?
False
Is 289061188 a multiple of 122?
True
Does 494 divide 80261168?
True
Does 3635 divide 23340335?
True
Is 11031 a factor of 704241102?
True
Is 461 a factor of 141412737?
False
Is 131 a factor of 80847807?
False
Is 21968094 a multiple of 6?
True
Is 8265731 a multiple of 157?
False
Does 8 divide 385478862?
False
Does 7 divide 2000317039?
True
Does 446 divide 15747040?
False
Is 12 a factor of 298363911?
False
Is 389 a factor of 546885764?
True
Does 1520 divide 299313840?
True
Is 79 a factor of 514584179?
False
Is 3555301 a multiple of 2?
False
Does 213 divide 99432661?
False
Does 1879 divide 40402511?
False
Is 904206447 a multiple of 7?
False
Is 1042008 a multiple of 6?
True
Is 5 a factor of 1484167209?
False
Is 901 a factor of 48936288?
False
Does 598 divide 1541193?
False
Does 40 divide 8765240?
True
Is 4670 a factor of 57224375?
False
Is 44 a factor of 84551280?
True
Is 27782514 a multiple of 317?
True
Does 2562 divide 114710988?
True
Is 844315069 a multiple of 75?
False
Is 7662400 a multiple of 100?
True
Is 949246350 a multiple of 1230?
True
Is 90758512 a multiple of 8?
True
Is 17 a factor of 73446707?
False
Does 8 divide 5256728?
True
Is 35 a factor of 12163409?
False
Is 18 a factor of 1592706510?
True
Does 7 divide 8018444?
True
Is 28 a factor of 53941553?
False
Does 904 divide 345152006?
False
Does 47 divide 20299904?
False
Is 3306279900 a multiple of 8050?
True
Is 701836 a multiple of 43?
False
Is 36 a factor of 123498648?
True
Is 495 a factor of 47292795?
True
Does 121 divide 177950223?
True
Does 172 divide 296031088?
False
Is 9 a factor of 450796?
False
Is 12219460 a multiple of 10?
True
Does 884 divide 14022892?
True
Does 13 divide 107904537?
True
Does 257 divide 1039322279?
False
Is 300 a factor of 75327875?
False
Is 19 a factor of 179325515?
True
Is 4214013 a multiple of 275?
False
Is 1035120950 a multiple of 2425?
True
Does 4893 divide 659087100?
True
Does 129 divide 4441470?
True
Is 47 a factor of 78712827?
True
Does 138 divide 511044774?
True
Is 3 a factor of 916486?
False
Is 292853449 a multiple of 469?
True
Does 8 divide 82194653?
False
Does 75 divide 17415789?
False
Is 183781836 a multiple of 63?
True
Does 3428 divide 860503416?
True
Does 880 divide 2767600?
True
Does 19 divide 62988230?
True
Is 156 a factor of 968837325?
False
Is 160 a factor of 366569778?
False
Does 13 divide 80201017?
True
Is 20436768 a multiple of 72?
True
Does 6 divide 33400715?
False
Does 1257 divide 23849061?
True
Is 2833782 a multiple of 654?
True
Is 3302945593 a multiple of 124?
False
Is 6885358 a multiple of 3?
False
Is 264333550 a multiple of 4810?
True
Is 14 a factor of 43946373?
False
Does 23 divide 31050966?
True
Is 272 a factor of 4824736?
True
Is 662354 a multiple of 253?
True
Does 236 divide 32306536?
False
Is 68108502 a multiple of 154?
True
Is 932 a factor of 614134641?
False
Does 105 divide 81905546?
False
Does 3 divide 4546265?
False
Is 1065 a factor of 402061995?
True
Is 942840445 a multiple of 7667?
False
Is 100015005 a multiple of 232?
False
Is 17 a factor of 20754518?
True
Is 80534375 a multiple of 25?
True
Is 74 a factor of 31731570?
True
Is 9805067 a multiple of 24?
False
Is 466115937 a multiple of 7?
True
Does 1529 divide 1521381315?
False
Does 124 divide 8598284?
True
Is 403968158 a multiple of 132?
False
Is 5193 a factor of 1488870657?
False
Is 2 a factor of 5380993?
False
Does 330 divide 21725551?
False
Does 329 divide 23276274?
False
Is 46 a factor of 485833206?
False
Is 46724693 a multiple of 30?
False
Is 1798 a factor of 67015621?
False
Is 1689166512 a multiple of 12?
True
Is 36500919 a multiple of 7?
True
Is 7030766 a multiple of 6?
False
Is 2441 a factor of 240779453?
False
Is 1178657544 a multiple of 1213?
True
Is 207 a factor of 576809433?
True
Does 2112 divide 28623936?
True
Is 227 a factor of 1327024975?
True
Does 747 divide 70694570?
False
Is 83080006 a multiple of 103?
True
Is 420 a factor of 252175980?
True
Is 18 a factor of 45598280?
False
Is 22 a factor of 72181975?
False
Does 2932 divide 23875276?
True
Does 2 divide 43691599?
Fal